{"id":683,"date":"2024-08-13T09:47:10","date_gmt":"2024-08-13T09:47:10","guid":{"rendered":"http:\/\/patrice-blickwinkel.de\/?page_id=683"},"modified":"2024-10-21T15:54:42","modified_gmt":"2024-10-21T15:54:42","slug":"referentinnen","status":"publish","type":"page","link":"http:\/\/patrice-blickwinkel.de\/?page_id=683","title":{"rendered":"Referentinnen"},"content":{"rendered":"\n<p><strong>Nadja Wolf<\/strong><\/p>\n\n\n\n<p><strong><a href=\"mailto:Nadja.Maria.Wolf@web.de\">Nadja.Maria.Wolf@web.de<\/a><br><br>mobil: 049 1525 9554716<\/strong><\/p>\n\n\n\n<figure class=\"wp-block-image\"><img loading=\"lazy\" decoding=\"async\" width=\"320\" height=\"240\" src=\"http:\/\/patrice-blickwinkel.de\/wp-content\/uploads\/2022\/10\/IMG_20220116_161626.jpeg\" alt=\"\" class=\"wp-image-372\" srcset=\"http:\/\/patrice-blickwinkel.de\/wp-content\/uploads\/2022\/10\/IMG_20220116_161626.jpeg 320w, http:\/\/patrice-blickwinkel.de\/wp-content\/uploads\/2022\/10\/IMG_20220116_161626-300x225.jpeg 300w\" sizes=\"auto, (max-width: 320px) 100vw, 320px\" \/><\/figure>\n\n\n\n<p><strong><a href=\"http:\/\/patrice-blickwinkel.de\/?page_id=364\" data-type=\"page\" data-id=\"364\">Hier geht es zu meinen Kursen &#8212;&gt;<\/a><\/strong><\/p>\n\n\n\n<h1 class=\"wp-block-heading has-text-align-left\"><strong>***<\/strong><\/h1>\n\n\n\n<p><strong>\u00dcber Julia:<\/strong><\/p>\n\n\n\n<figure class=\"wp-block-image size-medium\"><img loading=\"lazy\" decoding=\"async\" width=\"225\" height=\"300\" src=\"http:\/\/patrice-blickwinkel.de\/wp-content\/uploads\/2024\/02\/IMG_9427-225x300.jpeg\" alt=\"\" class=\"wp-image-569\" srcset=\"http:\/\/patrice-blickwinkel.de\/wp-content\/uploads\/2024\/02\/IMG_9427-225x300.jpeg 225w, http:\/\/patrice-blickwinkel.de\/wp-content\/uploads\/2024\/02\/IMG_9427-rotated.jpeg 480w\" sizes=\"auto, (max-width: 225px) 100vw, 225px\" \/><\/figure>\n\n\n\n<p>Julia ist Diplom-Designerin, K\u00fcnstlerin, Kunstp\u00e4dagogin und vieles mehr. In ihren Workshops f\u00fcr Erwachsene und Kinder m\u00f6chte sie ihre Begeisterung f\u00fcr Textildesign, k\u00fcnstlerisches Experimentieren, Handwerk und Nachhaltigkeit teilen und andere Menschen mit ihrer Kreativit\u00e4t anstecken.<\/p>\n\n\n\n<p>Einblicke in Julias Arbeit findet <br>ihr auf Instagram: <br>juli.a.huber <br>und auf der Homepgage: <a href=\"http:\/\/www.julia-huber.de\/\">www.julia-huber.de<\/a><br>E-Mail: <a href=\"mailto:huber.ju@hotmail.de\">huber.ju@hotmail.de<\/a><\/p>\n\n\n\n<p><strong><a href=\"http:\/\/patrice-blickwinkel.de\/?page_id=573\" data-type=\"page\" data-id=\"573\">Hier geht es zu meinen Kursen &#8212;&gt;<\/a><\/strong><\/p>\n","protected":false},"excerpt":{"rendered":"<p>Nadja Wolf Nadja.Maria.Wolf@web.de mobil: 049 1525 9554716 Hier geht es zu meinen Kursen &#8212;&gt; *** \u00dcber Julia: Julia ist Diplom-Designerin, K\u00fcnstlerin, Kunstp\u00e4dagogin und vieles mehr. In ihren Workshops f\u00fcr Erwachsene und Kinder m\u00f6chte sie ihre Begeisterung f\u00fcr Textildesign, k\u00fcnstlerisches Experimentieren, Handwerk und Nachhaltigkeit teilen und andere Menschen mit ihrer Kreativit\u00e4t anstecken. Einblicke in Julias Arbeit &hellip; <a href=\"http:\/\/patrice-blickwinkel.de\/?page_id=683\" class=\"more-link\"><span class=\"screen-reader-text\">Referentinnen<\/span> weiterlesen<\/a><\/p>\n","protected":false},"author":1,"featured_media":0,"parent":0,"menu_order":0,"comment_status":"closed","ping_status":"closed","template":"","meta":{"footnotes":""},"class_list":["post-683","page","type-page","status-publish","hentry"],"_links":{"self":[{"href":"http:\/\/patrice-blickwinkel.de\/index.php?rest_route=\/wp\/v2\/pages\/683","targetHints":{"allow":["GET"]}}],"collection":[{"href":"http:\/\/patrice-blickwinkel.de\/index.php?rest_route=\/wp\/v2\/pages"}],"about":[{"href":"http:\/\/patrice-blickwinkel.de\/index.php?rest_route=\/wp\/v2\/types\/page"}],"author":[{"embeddable":true,"href":"http:\/\/patrice-blickwinkel.de\/index.php?rest_route=\/wp\/v2\/users\/1"}],"replies":[{"embeddable":true,"href":"http:\/\/patrice-blickwinkel.de\/index.php?rest_route=%2Fwp%2Fv2%2Fcomments&post=683"}],"version-history":[{"count":9,"href":"http:\/\/patrice-blickwinkel.de\/index.php?rest_route=\/wp\/v2\/pages\/683\/revisions"}],"predecessor-version":[{"id":738,"href":"http:\/\/patrice-blickwinkel.de\/index.php?rest_route=\/wp\/v2\/pages\/683\/revisions\/738"}],"wp:attachment":[{"href":"http:\/\/patrice-blickwinkel.de\/index.php?rest_route=%2Fwp%2Fv2%2Fmedia&parent=683"}],"curies":[{"name":"wp","href":"https:\/\/api.w.org\/{rel}","templated":true}]}}

<p><strong>Nadja Wolf</strong></p>



<p><strong><a href="mailto:Nadja.Maria.Wolf@web.de">Nadja.Maria.Wolf@web.de</a><br><br>mobil: 049 1525 9554716</strong></p>



<figure class="wp-block-image"><img loading="lazy" decoding="async" width="320" height="240" src="http://patrice-blickwinkel.de/wp-content/uploads/2022/10/IMG_20220116_161626.jpeg" alt="" class="wp-image-372" srcset="http://patrice-blickwinkel.de/wp-content/uploads/2022/10/IMG_20220116_161626.jpeg 320w, http://patrice-blickwinkel.de/wp-content/uploads/2022/10/IMG_20220116_161626-300x225.jpeg 300w" sizes="auto, (max-width: 320px) 100vw, 320px" /></figure>



<p><strong><a href="http://patrice-blickwinkel.de/?page_id=364" data-type="page" data-id="364">Hier geht es zu meinen Kursen &#8212;&gt;</a></strong></p>



<h1 class="wp-block-heading has-text-align-left"><strong>***</strong></h1>



<p><strong>Über Julia:</strong></p>



<figure class="wp-block-image size-medium"><img loading="lazy" decoding="async" width="225" height="300" src="http://patrice-blickwinkel.de/wp-content/uploads/2024/02/IMG_9427-225x300.jpeg" alt="" class="wp-image-569" srcset="http://patrice-blickwinkel.de/wp-content/uploads/2024/02/IMG_9427-225x300.jpeg 225w, http://patrice-blickwinkel.de/wp-content/uploads/2024/02/IMG_9427-rotated.jpeg 480w" sizes="auto, (max-width: 225px) 100vw, 225px" /></figure>



<p>Julia ist Diplom-Designerin, Künstlerin, Kunstpädagogin und vieles mehr. In ihren Workshops für Erwachsene und Kinder möchte sie ihre Begeisterung für Textildesign, künstlerisches Experimentieren, Handwerk und Nachhaltigkeit teilen und andere Menschen mit ihrer Kreativität anstecken.</p>



<p>Einblicke in Julias Arbeit findet <br>ihr auf Instagram: <br>juli.a.huber <br>und auf der Homepgage: <a href="http://www.julia-huber.de/">www.julia-huber.de</a><br>E-Mail: <a href="mailto:huber.ju@hotmail.de">huber.ju@hotmail.de</a></p>



<p><strong><a href="http://patrice-blickwinkel.de/?page_id=573" data-type="page" data-id="573">Hier geht es zu meinen Kursen &#8212;&gt;</a></strong></p>

<p>Nadja Wolf Nadja.Maria.Wolf@web.de mobil: 049 1525 9554716 Hier geht es zu meinen Kursen &#8212;&gt; *** Über Julia: Julia ist Diplom-Designerin, Künstlerin, Kunstpädagogin und vieles mehr. In ihren Workshops für Erwachsene und Kinder möchte sie ihre Begeisterung für Textildesign, künstlerisches Experimentieren, Handwerk und Nachhaltigkeit teilen und andere Menschen mit ihrer Kreativität anstecken. Einblicke in Julias Arbeit &hellip; <a href="http://patrice-blickwinkel.de/?page_id=683" class="more-link"><span class="screen-reader-text">Referentinnen</span> weiterlesen</a></p>
